3, 5, 17
Let m be -2 + (-8)/1 + 8. Let q = m - -344. List the prime factors of q.
2, 3, 19
Let n(d) be the third derivative of -d**6/120 + d**5/30 + d**4/24 + 122*d**3/3 - 3*d**2 - 12. What are the prime factors of n(0)?
2, 61
List the prime factors of (3/((-6)/45766))/(-2 + 4 + -3).
7, 467
Suppose 5*q = 59 + 11. Suppose -c - 2*c = 4*j - 27, 3*j = -c + q. Let n(u) = 2*u**3 + 4*u**2 - 7*u - 1. List the prime factors of n(j).
2, 17
Suppose 9*o = -p + 14871, -4*p + p - 2*o = -44788. List the prime factors of p.
2, 3, 19, 131
Let p = 37 + -34. Suppose -5*w - 3*c + 160 = -427, -115 = -w - p*c. List the prime factors of w.
2, 59
Suppose 0 = 3*z - 114 - 42. Suppose z = t - 842. List the prime factors of t.
2, 3, 149
Let b(t) = 9987*t + 336. List the prime factors of b(2).
2, 3, 5, 677
Suppose 55*l = 50*l + 2475. Suppose 3*r + l = 3*g, 5*g - 3*g + 3*r - 315 = 0. What are the prime factors of g?
2, 3
Let d(b) = 6*b**2 - 63*b + 23. Let u(s) = -2*s**2 + 21*s - 8. Let n(x) = 4*d(x) + 11*u(x). What are the prime factors of n(15)?
139
Suppose 0 = -4*z + 4*b - 16, 5*b + 4 = -6. Let d be (7/(-14))/(3/z). Let t(g) = 86*g - 3. List the prime factors of t(d).
83
Let u(i) = 13*i**2 + 9*i + 44. Let c be u(13). Suppose 0 = -8*l + c + 1450. List the prime factors of l.
2, 7, 17
Let y = -9484 - -16630. List the prime factors of y.
2, 3, 397
Suppose 13*p + 4734 + 6017 = 0. Let z = p + 1251. What are the prime factors of z?
2, 53
Suppose 4*h = 41 - 37. What are the prime factors of h/((0/(-6) + -2)/(-734))?
367
Suppose -7*p + 5*p + 32 = 0. Suppose 2892 = -p*z + 4*z. Let m = -125 - z. List the prime factors of m.
2, 29
Let u(q) be the first derivative of -232*q**2 - 2*q + 7. Let j be u(-2). List the prime factors of 22/(-77) - j/(-7).
2, 3, 11
Let l(t) = 3*t + 57. Let d be l(-15). Suppose -d*c = -c - 9020. List the prime factors of c.
2, 5, 41
What are the prime factors of 1/(2/574) - (-1 - -3)?
3, 5, 19
Let k(u) be the second derivative of u**3/6 - 11*u**2/2 + 9*u. Let x be k(8). Let q(y) = -18*y + 4. What are the prime factors of q(x)?
2, 29
Let d = -372 - -1298. List the prime factors of d.
2, 463
Let h be -1106 + -3 - (9 - 5). Let s be (h/(-14))/(12/64). Let j = s - 221. List the prime factors of j.
7, 29
Let i(b) = b**3 - 4*b**2 - 3*b - 7. Let v be i(5). Let r be (-4 + 14)/(-1 - v*-1). What are the prime factors of 198/15 - (-4)/r?
2, 7
Let s = 10 + -6. Suppose -4*v + 27 = 5*v. Suppose -2*o + 558 = -0*o + v*g, -5*g = -s*o + 1094. What are the prime factors of o?
2, 3, 23
Let w(b) = 3*b**2 + 20*b + 15. Let r be w(-6). Suppose 82 = 7*s - 2*s + 4*q, r*s - 50 = -2*q. Let i = 57 - s. List the prime factors of i.
3, 13
Suppose -1056 + 495 = -11*v. List the prime factors of ((-753)/4)/(6 - v/8).
2, 251
Let r(h) = -550*h**3 - 15*h**2 + 14*h + 47. List the prime factors of r(-4).
7, 4993
Let a(b) = 39*b - 2. Let n be a(1). Let q = n + 54. Let p = q + -10. List the prime factors of p.
3
Let v(z) = 26*z**2 + 42*z - 335. What are the prime factors of v(10)?
3, 5, 179
Let p = 14602 - 2968. List the prime factors of p.
2, 3, 7, 277
Suppose -15*j = -2*j + 31421. List the prime factors of (-39)/(-52) - j/4.
5, 11
Let v = 283 + 11322. What are the prime factors of v?
5, 11, 211
Suppose -71 = 4*v - 2*f - 691, 3*f + 145 = v. Suppose -8*q - 1124 = -12*q. Let u = q - v. What are the prime factors of u?
2, 31
Suppose -44*c - 344 = -48*c. Suppose -t + 292 = -c. What are the prime factors of t?
2, 3, 7
Let b(k) = -50*k + 1. Let i be b(2). Let d = i + 388. What are the prime factors of d?
17
Let p = -3 - -30. Let w = -28 + p. What are the prime factors of (w - -5)/(5/175)?
2, 5, 7
Suppose 122 = 4*l + 2*v, -59 = l - 4*l + 5*v. Suppose -8*y = 4 - l. Suppose 0*x = x - 1, 4*o - y*x = 313. List the prime factors of o.
79
Let i = 43 - 61. Let f be (81/i)/((-2)/76) + 2. Suppose 2*m - 142 = -2*l, 7*l - 5*m = 4*l + f. List the prime factors of l.
2, 3, 11
Let s(q) = -3*q**3 + 2*q**2 + 10*q - 1. Let u be s(4). Let i = 313 - u. Suppose -5*h = 2*w - 543, h = 5*h + 2*w - i. What are the prime factors of h?
109
Let a(b) = b**3 - 2*b**2 + 5*b - 7. Let h(n) = n**3 + 12*n**2 - 11*n + 29. Let r be h(-13). What are the prime factors of a(r)?
17
Suppose 20*w = 99116 + 129544. List the prime factors of w.
3, 37, 103
Suppose -4*s - 156 = -168. Suppose s*z = -8*z + 33. Suppose 2*a - 34 = 3*b, b + 38 = 2*a - z*b. List the prime factors of a.
11
Let g(z) = -z**3 - 30*z**2 + 24*z - 172. Let d be g(-31). Let h be (-8)/(-4)*9/6. Suppose 16 = 3*s + s, -d = -h*o - 3*s. List the prime factors of o.
11
Suppose -49*s - 49*s = -27*s - 2561680. List the prime factors of s.
2, 5, 11, 41
Let j = -36980 + 53002. What are the prime factors of j?
2, 8011
Let c be (6*(-3)/(-24))/(1/4). Suppose 2*k - 2 = -4*s + c*s, 0 = k + 2*s - 4. Let u = 40 - k. List the prime factors of u.
2, 5
Let t(w) be the third derivative of 31*w**5/60 - 2*w**4/3 - w**3 - 11*w**2 - 4*w. List the prime factors of t(-3).
3, 107
Let a = -46 + 51. Suppose 0 = -a*r + 5*f - 5, 4*r - 2*f + 1 = 7. Suppose 0 = -4*g - r*b + 384, b + 278 = 3*g - 22. What are the prime factors of g?
3, 11
Let l be (-1178)/(-8) - (-27)/36. Suppose 5*c = -3*j - 93, -3*j - 2*j - 165 = 5*c. Let x = j + l. List the prime factors of x.
2, 7
Let v(y) be the second derivative of -29*y**3/6 + 14*y. List the prime factors of v(-10).
2, 5, 29
Let c be (-1)/(-1)*(-7 - -3) + 469. Suppose -468*l + 102 = -c*l. List the prime factors of l.
2, 17
Let t(o) = 15*o**2 - 66*o - 167. List the prime factors of t(42).
43, 547
Let g(j) = -j**2 - 5*j - 6. Let z be g(-6). Let s be (-3)/12 + 33/z + -4. Let f(m) = -3*m + 15. List the prime factors of f(s).
2, 3
Suppose 48667 = t - 65*r + 67*r, -2*t + 97346 = -2*r. What are the prime factors of t?
7, 17, 409
Let j be ((-8)/(-6))/(1/15). Suppose 5*m - 9 = -3*w, -5*w = 2*m + m + 1. List the prime factors of m + 2*-3 + j.
17
Let h(a) = -19*a**3 - 10*a**2 - 19*a + 3. Suppose -75*x = -74*x + 3. List the prime factors of h(x).
3, 7, 23
Let s = -524 + 528. Suppose -3*b + 2*r = -242 - 1749, -4*b + 2628 = s*r. What are the prime factors of b?
661
Suppose 3*a - 2*j = 47, 4*a + 4*j - 74 = j. Suppose -a*k + 3799 = -349. What are the prime factors of k?
2, 61
What are the prime factors of (-7)/(1*-2 + 0)*(3023 + 303)?
7, 1663
Let k be 928/24 - 4/6. Suppose -3*v + 5*x - 26 = 0, 3*v + 19 = 4*x - 3. What are the prime factors of k - (v + 1)*2?
2, 5
Suppose -3*h + 2*b = 697, -2*b + 463 = 4*h + 1369. Let y = h + 434. List the prime factors of y.
5, 41
Let z = 210 - 202. Suppose -2*i + 407 = -11*r + z*r, -2*i + 4*r = -412. List the prime factors of i.
2, 7
Suppose -445 + 515 = 7*q. Let b = 64 + -30. Suppose q*f - 126 - b = 0. What are the prime factors of f?
2
Let n be (-6)/(5 + (-466)/92). Suppose -295 = -a + n. Suppose 977 = 11*r - a. List the prime factors of r.
2, 31
Let c(x) = 4*x**3 - 14*x**2 + 23*x - 12. What are the prime factors of c(9)?
3, 659
Let u = 61 + -21. Let l be 4 - ((-19 - -19) + -4 + 0). Suppose -296 + u = -l*n. List the prime factors of n.
2
Let a(x) = -x + 34. Let z be a(-13). Suppose 43*c - z*c = -8. Suppose -5*l + 115 = g - 140, c*g = 0. List the prime factors of l.
3, 17
Suppose -3*a + 120697 = 4*u + 40059, -3*u - 15 = 0. List the prime factors of a.
2, 3, 4481
Suppose 10 = 5*c + 4*w, -5*c = -c - 4*w - 8. Let r be (-1 + 2)*c/(14/(-721)). Let a = 107 + r. List the prime factors of a.
2
Let o = 304 + -302. Let a(c) = 380*c + 14. What are the prime factors of a(o)?
2, 3, 43
Suppose -1 + 7 = 4*u - 3*n, 2 = 4*u - 5*n. Let g be (u/6)/((-1)/(-2)). List the prime factors of 20 + -20 + g + (-97)/(-1).
2, 7
Let l(b) = 16*b**2 - 111*b - 5. What are the prime factors of l(-16)?
5867
Let r = -43 + 41. Let u be (5/(-10)*66)/(r/6). Suppose b + 356 = 3*c, -3*c + 5*b - u = -463. List the prime factors of c.
2, 59
Suppose 172*l = 275*l - 1801882. List the prime factors of l.
2, 8747
Let v be 5 + (5 - 1) + 0. Suppose -5*h = 7*y - v*y - 1543, 3*h = -5*y + 901. What are the prime factors of h?
307
Let x(y) = -2 + 3*y**2 + 4*y**2 + 5*y - y. Let u be x(-4). Suppose -4*v = -6*v + u. What are the prime factors of v?
47
Let x = 12582 - 6954. What are the prime factors of x?
2, 3, 7, 67
Let w = -705 - -710. Suppose -234 = -p + 4*l, 0 = -w*l + 16 - 1. What are the prime factors o